{"id":149,"date":"2024-04-05T16:39:26","date_gmt":"2024-04-05T19:39:26","guid":{"rendered":"https:\/\/anazulmirabadin.com.br\/site\/?page_id=149"},"modified":"2024-04-10T16:12:44","modified_gmt":"2024-04-10T19:12:44","slug":"laser-remocao-de-pelos","status":"publish","type":"page","link":"https:\/\/anazulmirabadin.com.br\/site\/laser-remocao-de-pelos\/","title":{"rendered":"LASER REMO\u00c7\u00c3O DE PELOS"},"content":{"rendered":"<div id=\"pl-149\"  class=\"panel-layout\" ><div id=\"pg-149-0\"  class=\"panel-grid panel-no-style\" ><div id=\"pgc-149-0-0\"  class=\"panel-grid-cell\" ><div id=\"panel-149-0-0-0\" class=\"so-panel widget widget_sow-image panel-first-child\" data-index=\"0\" ><div\n\t\t\t\n\t\t\tclass=\"so-widget-sow-image so-widget-sow-image-default-8b5b6f678277-149\"\n\t\t\t\n\t\t>\n<div class=\"sow-image-container\">\n\t\t<img loading=\"lazy\" decoding=\"async\" src=\"https:\/\/anazulmirabadin.com.br\/site\/wp-content\/uploads\/2024\/04\/laser-remocao-de-pelos-ana-zulmira.jpeg\" width=\"800\" height=\"600\" srcset=\"https:\/\/anazulmirabadin.com.br\/site\/wp-content\/uploads\/2024\/04\/laser-remocao-de-pelos-ana-zulmira.jpeg 800w, https:\/\/anazulmirabadin.com.br\/site\/wp-content\/uploads\/2024\/04\/laser-remocao-de-pelos-ana-zulmira-300x225.jpeg 300w, https:\/\/anazulmirabadin.com.br\/site\/wp-content\/uploads\/2024\/04\/laser-remocao-de-pelos-ana-zulmira-768x576.jpeg 768w\" sizes=\"auto, (max-width: 800px) 100vw, 800px\" title=\"laser remocao de pelos ana zulmira\" alt=\"\" \t\tclass=\"so-widget-image\"\/>\n\t<\/div>\n\n<\/div><\/div><div id=\"panel-149-0-0-1\" class=\"so-panel widget widget_sow-editor panel-last-child\" data-index=\"1\" ><div\n\t\t\t\n\t\t\tclass=\"so-widget-sow-editor so-widget-sow-editor-base\"\n\t\t\t\n\t\t>\n<div class=\"siteorigin-widget-tinymce textwidget\">\n\t<p><strong>LASER REMO\u00c7\u00c3O DE PELOS<\/strong><\/p>\n<p><strong>O QUE \u00c9?<\/strong><\/p>\n<p>Pelos escuros e grossos s\u00e3o um problema cosm\u00e9tico comum em ambos os sexos, \u00e0s vezes causando processos inflamat\u00f3rios e manchas. Hoje, est\u00e1 cada vez mais difundida a aplica\u00e7\u00e3o do laser para remo\u00e7\u00e3o definitiva de pelos indesej\u00e1veis.<\/p>\n<p><strong>TRATAMENTO A LASER<\/strong><\/p>\n<p>O raio laser, emitido pelo aparelho Light Sheer, que \u00e9 um laser de diodo que utiliza o princ\u00edpio de fototerm\u00f3lise seletiva, isto \u00e9, o alvo a ser atingido \u00e9 unicamente o pelo, (melanina) n\u00e3o danificando as estruturas vizinhas. A ponteira do laser \u00e9 resfriada e garante prote\u00e7\u00e3o da epiderme (pois ela tamb\u00e9m cont\u00e9m melanina).<\/p>\n<p><strong>PR\u00c9-APLICA\u00c7\u00c3O<\/strong><\/p>\n<p>N\u00e3o utilize m\u00e9todos de depila\u00e7\u00e3o por arrancamento num per\u00edodo de 30 a 40 dias antes da primeira sess\u00e3o de laser. Este m\u00e9todo tamb\u00e9m n\u00e3o deve ocorrer nos intervalos entre as sess\u00f5es.<\/p>\n<p><strong>P\u00d3S-APLICA\u00c7\u00c3O<\/strong><\/p>\n<p><strong>Sensibilidade e dor<\/strong><br \/>\nVoc\u00ea poder\u00e1 experimentar uma leve sensa\u00e7\u00e3o de queima\u00e7\u00e3o na \u00e1rea tratada durante algumas horas ap\u00f3s a aplica\u00e7\u00e3o do laser. Caso sinta alguma dor ou desconforto, tome acetoaminofen. N\u00e3o aplique subst\u00e2ncias abrasivas ou outros medicamentos sem autoriza\u00e7\u00e3o de sua m\u00e9dica. N\u00e3o aplique bandagens.<\/p>\n<p><strong>Compressas<\/strong><br \/>\nAplique compressas frias de camomila durante as primeiras duas horas.<\/p>\n<p><strong>Escurecimento (hiperpigmenta\u00e7\u00e3o)<\/strong><br \/>\nSe houver, tende a desaparecer espontaneamente em 2 a 6 meses. Esta rea\u00e7\u00e3o \u00e9 mais comum em pessoas de pele morena e pode piorar, caso a regi\u00e3o tratada seja exposta ao sol. Neste caso, normalmente, usamos produtos clareadores.<\/p>\n<p><strong>Clareamento (hipopigmenta\u00e7\u00e3o)<\/strong><br \/>\nRara, por\u00e9m pode ocorrer em uma \u00e1rea submetida a v\u00e1rios tratamentos. Tende a normalizar em 3 a 6 meses, por\u00e9m, em alguns casos, s\u00e3o permanentes.<\/p>\n<p><strong>Cicatrizes<\/strong><br \/>\nS\u00e3o extremamente raras, mas podem ocorrer em caso de les\u00e3o da pele. Seguindo rigorosamente todos os cuidados p\u00f3s-operat\u00f3rios, diminui-se as chances de sua ocorr\u00eancia.<\/p>\n<p><strong>Maquiagem<\/strong><br \/>\nPode ser aplicada maquiagem logo ap\u00f3s o procedimento a laser.<\/p>\n<p><strong>Sol<\/strong><br \/>\nAbstenha-se de exposi\u00e7\u00e3o solar no per\u00edodo de 20 a 30 dias.<\/p>\n<p><strong>Resultado final<\/strong><br \/>\nS\u00e3o necess\u00e1rias em m\u00e9dia de 4 a 5 sess\u00f5es para elimina\u00e7\u00e3o de 80 a 90% dos pelos, num intervalo de 2 a 3 meses entre uma sess\u00e3o e outra.<\/p>\n<\/div>\n<\/div><\/div><\/div><\/div><\/div>","protected":false},"excerpt":{"rendered":"<p>LASER REMO\u00c7\u00c3O DE PELOS O QUE \u00c9? Pelos escuros e grossos s\u00e3o um problema cosm\u00e9tico comum em ambos os sexos, \u00e0s vezes causando processos inflamat\u00f3rios e manchas. Hoje, est\u00e1 cada vez mais difundida a aplica\u00e7\u00e3o do laser para remo\u00e7\u00e3o definitiva de pelos indesej\u00e1veis. TRATAMENTO A LASER O raio laser, emitido pelo aparelho Light Sheer, que&hellip;&nbsp;<a href=\"https:\/\/anazulmirabadin.com.br\/site\/laser-remocao-de-pelos\/\" rel=\"bookmark\">Continue a ler &raquo;<span class=\"screen-reader-text\">LASER REMO\u00c7\u00c3O DE PELOS<\/span><\/a><\/p>\n","protected":false},"author":1,"featured_media":0,"parent":0,"menu_order":0,"comment_status":"closed","ping_status":"closed","template":"","meta":{"neve_meta_sidebar":"full-width","neve_meta_container":"","neve_meta_enable_content_width":"off","neve_meta_content_width":100,"neve_meta_title_alignment":"","neve_meta_author_avatar":"","neve_post_elements_order":"","neve_meta_disable_header":"","neve_meta_disable_footer":"","neve_meta_disable_title":"on","footnotes":""},"class_list":["post-149","page","type-page","status-publish","hentry"],"_links":{"self":[{"href":"https:\/\/anazulmirabadin.com.br\/site\/wp-json\/wp\/v2\/pages\/149","targetHints":{"allow":["GET"]}}],"collection":[{"href":"https:\/\/anazulmirabadin.com.br\/site\/wp-json\/wp\/v2\/pages"}],"about":[{"href":"https:\/\/anazulmirabadin.com.br\/site\/wp-json\/wp\/v2\/types\/page"}],"author":[{"embeddable":true,"href":"https:\/\/anazulmirabadin.com.br\/site\/wp-json\/wp\/v2\/users\/1"}],"replies":[{"embeddable":true,"href":"https:\/\/anazulmirabadin.com.br\/site\/wp-json\/wp\/v2\/comments?post=149"}],"version-history":[{"count":2,"href":"https:\/\/anazulmirabadin.com.br\/site\/wp-json\/wp\/v2\/pages\/149\/revisions"}],"predecessor-version":[{"id":341,"href":"https:\/\/anazulmirabadin.com.br\/site\/wp-json\/wp\/v2\/pages\/149\/revisions\/341"}],"wp:attachment":[{"href":"https:\/\/anazulmirabadin.com.br\/site\/wp-json\/wp\/v2\/media?parent=149"}],"curies":[{"name":"wp","href":"https:\/\/api.w.org\/{rel}","templated":true}]}}