{"id":145,"date":"2024-04-05T16:36:57","date_gmt":"2024-04-05T19:36:57","guid":{"rendered":"https:\/\/anazulmirabadin.com.br\/site\/?page_id=145"},"modified":"2024-04-05T16:37:32","modified_gmt":"2024-04-05T19:37:32","slug":"laser-rejuvenescimento-facial","status":"publish","type":"page","link":"https:\/\/anazulmirabadin.com.br\/site\/laser-rejuvenescimento-facial\/","title":{"rendered":"LASER REJUVENESCIMENTO FACIAL"},"content":{"rendered":"<div id=\"pl-145\"  class=\"panel-layout\" ><div id=\"pg-145-0\"  class=\"panel-grid panel-no-style\" ><div id=\"pgc-145-0-0\"  class=\"panel-grid-cell\" ><div id=\"panel-145-0-0-0\" class=\"so-panel widget widget_sow-image panel-first-child\" data-index=\"0\" ><div\n\t\t\t\n\t\t\tclass=\"so-widget-sow-image so-widget-sow-image-default-8b5b6f678277-145\"\n\t\t\t\n\t\t>\n<div class=\"sow-image-container\">\n\t\t<img loading=\"lazy\" decoding=\"async\" src=\"https:\/\/anazulmirabadin.com.br\/site\/wp-content\/uploads\/2024\/04\/LASER-REJUVENESCIMENTO-FACIAL.jpg\" width=\"800\" height=\"533\" srcset=\"https:\/\/anazulmirabadin.com.br\/site\/wp-content\/uploads\/2024\/04\/LASER-REJUVENESCIMENTO-FACIAL.jpg 800w, https:\/\/anazulmirabadin.com.br\/site\/wp-content\/uploads\/2024\/04\/LASER-REJUVENESCIMENTO-FACIAL-300x200.jpg 300w, https:\/\/anazulmirabadin.com.br\/site\/wp-content\/uploads\/2024\/04\/LASER-REJUVENESCIMENTO-FACIAL-768x512.jpg 768w, https:\/\/anazulmirabadin.com.br\/site\/wp-content\/uploads\/2024\/04\/LASER-REJUVENESCIMENTO-FACIAL-272x182.jpg 272w\" sizes=\"auto, (max-width: 800px) 100vw, 800px\" alt=\"LASER REJUVENESCIMENTO FACIAL\" \t\tclass=\"so-widget-image\"\/>\n\t<\/div>\n\n<\/div><\/div><div id=\"panel-145-0-0-1\" class=\"so-panel widget widget_sow-editor panel-last-child\" data-index=\"1\" ><div\n\t\t\t\n\t\t\tclass=\"so-widget-sow-editor so-widget-sow-editor-base\"\n\t\t\t\n\t\t>\n<div class=\"siteorigin-widget-tinymce textwidget\">\n\t<p><strong>LASER REJUVENESCIMENTO FACIAL<\/strong><\/p>\n<p><strong>OQUE \u00c9 LASER?<\/strong><\/p>\n<p>A palavra LASER \u00e9 formada por cinco iniciais de palavras inglesas: Light Amplification by Stimulated Emission of Radiation (Amplifica\u00e7\u00e3o de Luz por Emiss\u00e3o Estimulada de Radia\u00e7\u00e3o). Trata-se de uma forma de energia muito disciplinada - cada tipo de laser tem um alvo espec\u00edfico que pode ter efeitos precisos e \u00fanicos sobre os tecidos org\u00e2nicos.<\/p>\n<p><strong>REJUVENESCIMENTO FACIAL COM LASER<\/strong><\/p>\n<p>O rejuvenescimento facial com Laser Ultrapulse CO2 ou Laser Erbium Ultrafine proporciona uma melhora de rugas finas e profundas causadas pelo envelhecimento natural da pele e pelo excesso de exposi\u00e7\u00e3o ao sol. As rugas mais profundas, resultantes da a\u00e7\u00e3o muscular sobre a pele (rugas de express\u00e3o) s\u00e3o amenizadas com laser, por\u00e9m necessitam de complementa\u00e7\u00e3o com a toxina botul\u00ednica (Botox ou Dysport) para manter os m\u00fasculos em repouso.<\/p>\n<p>Outras irregularidades da pele podem ser tratadas com laser: sequelas de acne, cicatrizes, manchas, e les\u00f5es da pele como nevus, verrugas, ceratoses, siringomas, xantelamas etc. O laser vaporiza os tecidos instantaneamente, sem afetar os tecidos circundantes, pois cada tipo de laser tem um \"alvo\" espec\u00edfico.<\/p>\n<p>A a\u00e7\u00e3o do laser consiste na remo\u00e7\u00e3o das camadas mais superficiais da pele, promovendo uma contra\u00e7\u00e3o das camadas mais profundas (derme), que ao regenerar apresentar\u00e1 uma pele mais firme e de apar\u00eancia saud\u00e1vel e jovial.<\/p>\n<p><strong>O QUE VOC\u00ca PRECISA SABER<\/strong><\/p>\n<p><strong>Cicatriz<\/strong><br \/>\nN\u00e3o existe, pois este tratamento \u00e9 isento de cortes. Somente o raio laser entra em contato com a pele, promovendo sua descama\u00e7\u00e3o.<\/p>\n<p><strong>Anestesia <\/strong><br \/>\nLocal com seda\u00e7\u00e3o, dependendo do caso.<\/p>\n<p><strong>Tempo do procedimento <\/strong><br \/>\nVari\u00e1vel, dependendo da extens\u00e3o das \u00e1reas a serem tratadas. Em geral de 30 minutos a 2 horas.<\/p>\n<p><strong>PR\u00c9-PROCEDIMENTO<\/strong><\/p>\n<p>1) Exames complementares a serem especificados.<br \/>\n2) Fotografia da regi\u00e3o, \u00e9 importante para avalia\u00e7\u00e3o, programa\u00e7\u00e3o e documenta\u00e7\u00e3o.<br \/>\n3) Compare\u00e7a na cl\u00ednica no dia e hor\u00e1rio combinados, de prefer\u00eancia acompanhado(a).<br \/>\n4) N\u00e3o leve para a cl\u00ednica joias e outros objetos de valor.<br \/>\n5) A pele \u00e9 previamente preparada num per\u00edodo de 2 semanas a 2 meses antes do procedimento, de acordo com o tipo de pele.<\/p>\n<p><strong>Cuidados:<\/strong><br \/>\n1) Jejum de no m\u00ednimo 6 horas antes do in\u00edcio da aplica\u00e7\u00e3o do laser.<br \/>\n2) Medica\u00e7\u00e3o para hipertens\u00e3o e outras doen\u00e7as deve ser informada para posterior orienta\u00e7\u00e3o. Informe se est\u00e1 fazendo tratamento para acne (Accutane, Roacutan - Vit A via oral).<br \/>\n3) Medica\u00e7\u00e3o que contenha \u00e1cido acetil salic\u00edlico e anticoagulantes n\u00e3o impedem o tratamento com laser.<br \/>\n4) Informe sobre a pr\u00e9via realiza\u00e7\u00e3o de outros tratamentos cut\u00e2neos peeling qu\u00edmico ou abrasivo.<\/p>\n<p><strong>P\u00d3S-OPERAT\u00d3RIO<\/strong><\/p>\n<p><strong>Dor<\/strong><br \/>\nCom curativo oclusivo \u00e9 praticamente inexistente. Pode haver uma sensa\u00e7\u00e3o de \"repuxamento\", e pequeno desconforto na \u00e1rea tratada. Febre leve \u00e9 rara e cede com medica\u00e7\u00e3o habitual.<\/p>\n<p><strong>Atendimento ambulatorial <\/strong><br \/>\nA aplica\u00e7\u00e3o \u00e9 realizada na pr\u00f3pria cl\u00ednica e o(a) paciente estar\u00e1 pronto(a) para retornar para casa algumas horas ap\u00f3s o procedimento.<\/p>\n<p><strong>Curativos <\/strong><br \/>\nLogo ap\u00f3s o procedimento, a \u00e1rea tratada \u00e9 coberta com uma fina pel\u00edcula que permanece durante 6 dias. Ap\u00f3s a retirada desta pel\u00edcula, a pele deve ser hidratada.<\/p>\n<p><strong>Sol<\/strong><br \/>\nA \u00e1rea tratada apresentar\u00e1 uma colora\u00e7\u00e3o avermelhada, que permanecer\u00e1 em m\u00e9dia de um a dois meses. Durante este per\u00edodo, \u00e9 imprescind\u00edvel o uso de filtro solar, e proibido qualquer tipo de exposi\u00e7\u00e3o solar, at\u00e9 que tenha desaparecido a colora\u00e7\u00e3o r\u00f3sea. O n\u00e3o cumprimento das orienta\u00e7\u00f5es m\u00e9dicas comprometer\u00e1 o resultado do tratamento.<\/p>\n<p><strong>Maquiagem e tintura de cabelo<\/strong><br \/>\nSer\u00e1 necess\u00e1rio o uso de uma base especial, contendo filtro solar para disfar\u00e7ar esta colora\u00e7\u00e3o r\u00f3sea at\u00e9 seu completo desaparecimento. Tanto a maquiagem como a tintura de cabelo s\u00f3 dever\u00e3o ser efetuadas ap\u00f3s a primeira semana.<\/p>\n<p><strong>Manchas<\/strong><br \/>\nEm torno da 2 ou 3\u00aa semana inicia-se um tratamento preventivo de manchas escuras. Se mesmo assim elas aparecerem, o fato dever\u00e1 ser imediatamente comunicado a sua m\u00e9dica. Estas manchas s\u00e3o resultantes da cicatriza\u00e7\u00e3o e, normalmente, s\u00e3o transit\u00f3rias, desaparecendo com tratamento adequado e constante supervis\u00e3o m\u00e9dica. No entanto, se nesta fase ocorrer inadequada exposi\u00e7\u00e3o ao sol, estas correm o risco de se tornar permanentes.<\/p>\n<p><strong>Repouso<\/strong><br \/>\nDurante a primeira semana, permane\u00e7a em casa longe da janela, do fog\u00e3o e de outros tipos de irradia\u00e7\u00e3o de calor. Fa\u00e7a repouso, evitando atividade f\u00edsica intensa, levantamento peso e exposi\u00e7\u00e3o ao vento. Quando deitado(a), mantenha a cabeceira elevada (dois travesseiros).<\/p>\n<p><strong>\"SER\u00c1 QUE ISTO VAI DESAPARECER?\"<\/strong><\/p>\n<p>Todo procedimento envolve um per\u00edodo pr\u00f3prio de recupera\u00e7\u00e3o. D\u00ea tempo ao tempo, que seu organismo se encarregar\u00e1 de dissipar pequenos transtornos que infalivelmente chamar\u00e3o a aten\u00e7\u00e3o de alguma pessoa que n\u00e3o se furtar\u00e1 a observa\u00e7\u00e3o: \"Ser\u00e1 que isto vai desaparecer?\" N\u00e3o deixe de nos transmitir qualquer tipo de preocupa\u00e7\u00e3o. Daremos os esclarecimentos necess\u00e1rios para sua tranquilidade.<\/p>\n<p><strong>RESULTADO<\/strong><\/p>\n<p>Inicialmente, durante os primeiros quatro meses ap\u00f3s o procedimento, a regi\u00e3o apresenta-se em recupera\u00e7\u00e3o, mas com o passar do tempo, os tecidos org\u00e2nicos v\u00e3o se acomodando e o aspecto torna-se muito natural.<br \/>\nA partir do quarto m\u00eas, acontece nova sess\u00e3o fotogr\u00e1fica para compara\u00e7\u00e3o do pr\u00e9 e p\u00f3s-operat\u00f3rio (antes e depois). Esta reavalia\u00e7\u00e3o poder\u00e1 indicar a necessidade de algum retoque, procedimento este considerado comum em cirurgia pl\u00e1stica, e dever\u00e1 ser realizado ap\u00f3s o 6. m\u00eas e no prazo m\u00e1ximo de um ano ap\u00f3s o procedimento.<\/p>\n<\/div>\n<\/div><\/div><\/div><\/div><\/div>","protected":false},"excerpt":{"rendered":"<p>LASER REJUVENESCIMENTO FACIAL OQUE \u00c9 LASER? A palavra LASER \u00e9 formada por cinco iniciais de palavras inglesas: Light Amplification by Stimulated Emission of Radiation (Amplifica\u00e7\u00e3o de Luz por Emiss\u00e3o Estimulada de Radia\u00e7\u00e3o). Trata-se de uma forma de energia muito disciplinada &#8211; cada tipo de laser tem um alvo espec\u00edfico que pode ter efeitos precisos e&hellip;&nbsp;<a href=\"https:\/\/anazulmirabadin.com.br\/site\/laser-rejuvenescimento-facial\/\" rel=\"bookmark\">Continue a ler &raquo;<span class=\"screen-reader-text\">LASER REJUVENESCIMENTO FACIAL<\/span><\/a><\/p>\n","protected":false},"author":1,"featured_media":0,"parent":0,"menu_order":0,"comment_status":"closed","ping_status":"closed","template":"","meta":{"neve_meta_sidebar":"full-width","neve_meta_container":"","neve_meta_enable_content_width":"off","neve_meta_content_width":100,"neve_meta_title_alignment":"","neve_meta_author_avatar":"","neve_post_elements_order":"","neve_meta_disable_header":"","neve_meta_disable_footer":"","neve_meta_disable_title":"on","footnotes":""},"class_list":["post-145","page","type-page","status-publish","hentry"],"_links":{"self":[{"href":"https:\/\/anazulmirabadin.com.br\/site\/wp-json\/wp\/v2\/pages\/145","targetHints":{"allow":["GET"]}}],"collection":[{"href":"https:\/\/anazulmirabadin.com.br\/site\/wp-json\/wp\/v2\/pages"}],"about":[{"href":"https:\/\/anazulmirabadin.com.br\/site\/wp-json\/wp\/v2\/types\/page"}],"author":[{"embeddable":true,"href":"https:\/\/anazulmirabadin.com.br\/site\/wp-json\/wp\/v2\/users\/1"}],"replies":[{"embeddable":true,"href":"https:\/\/anazulmirabadin.com.br\/site\/wp-json\/wp\/v2\/comments?post=145"}],"version-history":[{"count":2,"href":"https:\/\/anazulmirabadin.com.br\/site\/wp-json\/wp\/v2\/pages\/145\/revisions"}],"predecessor-version":[{"id":148,"href":"https:\/\/anazulmirabadin.com.br\/site\/wp-json\/wp\/v2\/pages\/145\/revisions\/148"}],"wp:attachment":[{"href":"https:\/\/anazulmirabadin.com.br\/site\/wp-json\/wp\/v2\/media?parent=145"}],"curies":[{"name":"wp","href":"https:\/\/api.w.org\/{rel}","templated":true}]}}