{"id":116,"date":"2024-04-05T16:13:16","date_gmt":"2024-04-05T19:13:16","guid":{"rendered":"https:\/\/anazulmirabadin.com.br\/site\/?page_id=116"},"modified":"2024-04-05T16:13:24","modified_gmt":"2024-04-05T19:13:24","slug":"harmonizacao-facial","status":"publish","type":"page","link":"https:\/\/anazulmirabadin.com.br\/site\/harmonizacao-facial\/","title":{"rendered":"HARMONIZA\u00c7\u00c3O FACIAL"},"content":{"rendered":"<div id=\"pl-116\"  class=\"panel-layout\" ><div id=\"pg-116-0\"  class=\"panel-grid panel-no-style\" ><div id=\"pgc-116-0-0\"  class=\"panel-grid-cell\" ><div id=\"panel-116-0-0-0\" class=\"so-panel widget widget_sow-image panel-first-child\" data-index=\"0\" ><div\n\t\t\t\n\t\t\tclass=\"so-widget-sow-image so-widget-sow-image-default-8b5b6f678277-116\"\n\t\t\t\n\t\t>\n<div class=\"sow-image-container\">\n\t\t<img loading=\"lazy\" decoding=\"async\" src=\"https:\/\/anazulmirabadin.com.br\/site\/wp-content\/uploads\/2024\/04\/HARMONIZACAO-FACIAL.jpg\" width=\"800\" height=\"534\" srcset=\"https:\/\/anazulmirabadin.com.br\/site\/wp-content\/uploads\/2024\/04\/HARMONIZACAO-FACIAL.jpg 800w, https:\/\/anazulmirabadin.com.br\/site\/wp-content\/uploads\/2024\/04\/HARMONIZACAO-FACIAL-300x200.jpg 300w, https:\/\/anazulmirabadin.com.br\/site\/wp-content\/uploads\/2024\/04\/HARMONIZACAO-FACIAL-768x513.jpg 768w, https:\/\/anazulmirabadin.com.br\/site\/wp-content\/uploads\/2024\/04\/HARMONIZACAO-FACIAL-272x182.jpg 272w\" sizes=\"auto, (max-width: 800px) 100vw, 800px\" title=\"HARMONIZA\u00c7\u00c3O FACIAL\" alt=\"\" \t\tclass=\"so-widget-image\"\/>\n\t<\/div>\n\n<\/div><\/div><div id=\"panel-116-0-0-1\" class=\"so-panel widget widget_sow-editor panel-last-child\" data-index=\"1\" ><div\n\t\t\t\n\t\t\tclass=\"so-widget-sow-editor so-widget-sow-editor-base\"\n\t\t\t\n\t\t>\n<div class=\"siteorigin-widget-tinymce textwidget\">\n\t<p><strong>HARMONIZA\u00c7\u00c3O FACIAL<\/strong><\/p>\n<p>A Harmoniza\u00e7\u00e3o Facial representa uma abordagem abrangente que combina t\u00e9cnicas de preenchimento facial e o uso estrat\u00e9gico de toxina botul\u00ednica. Este procedimento \u00e9 altamente requisitado por sua conveni\u00eancia, podendo ser realizado no pr\u00f3prio consult\u00f3rio, com resultados que podem ser notados imediatamente.<\/p>\n<p>O cerne desse procedimento \u00e9 buscar a harmonia facial, respeitando a individualidade de cada paciente e seus desejos est\u00e9ticos, sempre aliados ao conhecimento profundo de anatomia e est\u00e9tica. Entre os objetivos mais comuns est\u00e3o o aumento do volume dos l\u00e1bios, o levantamento das sobrancelhas, a defini\u00e7\u00e3o dos maxilares, a corre\u00e7\u00e3o da perda de volume nas ma\u00e7\u00e3s do rosto, o preenchimento do sulco nasogeniano (bigode chin\u00eas), a suaviza\u00e7\u00e3o de rugas e at\u00e9 mesmo a corre\u00e7\u00e3o da angula\u00e7\u00e3o do nariz.<\/p>\n<p>Por meio de t\u00e9cnicas precisas e personalizadas, a harmoniza\u00e7\u00e3o facial visa n\u00e3o apenas corrigir imperfei\u00e7\u00f5es, mas tamb\u00e9m real\u00e7ar os tra\u00e7os naturais do rosto, proporcionando uma apar\u00eancia mais equilibrada, jovial e confiante.<\/p>\n<\/div>\n<\/div><\/div><\/div><\/div><\/div>","protected":false},"excerpt":{"rendered":"<p>HARMONIZA\u00c7\u00c3O FACIAL A Harmoniza\u00e7\u00e3o Facial representa uma abordagem abrangente que combina t\u00e9cnicas de preenchimento facial e o uso estrat\u00e9gico de toxina botul\u00ednica. Este procedimento \u00e9 altamente requisitado por sua conveni\u00eancia, podendo ser realizado no pr\u00f3prio consult\u00f3rio, com resultados que podem ser notados imediatamente. O cerne desse procedimento \u00e9 buscar a harmonia facial, respeitando a individualidade&hellip;&nbsp;<a href=\"https:\/\/anazulmirabadin.com.br\/site\/harmonizacao-facial\/\" rel=\"bookmark\">Continue a ler &raquo;<span class=\"screen-reader-text\">HARMONIZA\u00c7\u00c3O FACIAL<\/span><\/a><\/p>\n","protected":false},"author":1,"featured_media":0,"parent":0,"menu_order":0,"comment_status":"closed","ping_status":"closed","template":"","meta":{"neve_meta_sidebar":"full-width","neve_meta_container":"","neve_meta_enable_content_width":"off","neve_meta_content_width":100,"neve_meta_title_alignment":"","neve_meta_author_avatar":"","neve_post_elements_order":"","neve_meta_disable_header":"","neve_meta_disable_footer":"","neve_meta_disable_title":"on","footnotes":""},"class_list":["post-116","page","type-page","status-publish","hentry"],"_links":{"self":[{"href":"https:\/\/anazulmirabadin.com.br\/site\/wp-json\/wp\/v2\/pages\/116","targetHints":{"allow":["GET"]}}],"collection":[{"href":"https:\/\/anazulmirabadin.com.br\/site\/wp-json\/wp\/v2\/pages"}],"about":[{"href":"https:\/\/anazulmirabadin.com.br\/site\/wp-json\/wp\/v2\/types\/page"}],"author":[{"embeddable":true,"href":"https:\/\/anazulmirabadin.com.br\/site\/wp-json\/wp\/v2\/users\/1"}],"replies":[{"embeddable":true,"href":"https:\/\/anazulmirabadin.com.br\/site\/wp-json\/wp\/v2\/comments?post=116"}],"version-history":[{"count":1,"href":"https:\/\/anazulmirabadin.com.br\/site\/wp-json\/wp\/v2\/pages\/116\/revisions"}],"predecessor-version":[{"id":117,"href":"https:\/\/anazulmirabadin.com.br\/site\/wp-json\/wp\/v2\/pages\/116\/revisions\/117"}],"wp:attachment":[{"href":"https:\/\/anazulmirabadin.com.br\/site\/wp-json\/wp\/v2\/media?parent=116"}],"curies":[{"name":"wp","href":"https:\/\/api.w.org\/{rel}","templated":true}]}}